94?
2, 900397
What are the prime factors of 57614?
2, 28807
List the prime factors of 2462813.
2462813
List the prime factors of 37725.
3, 5, 503
List the prime factors of 13009560.
2, 3, 5, 108413
List the prime factors of 315297.
3, 53, 661
What are the prime factors of 20886109?
3593, 5813
List the prime factors of 3613904.
2, 7, 41, 787
What are the prime factors of 119910?
2, 3, 5, 7, 571
What are the prime factors of 11998942?
2, 5999471
What are the prime factors of 9175010?
2, 5, 13, 61, 89
List the prime factors of 493522.
2, 29, 67, 127
What are the prime factors of 835582?
2, 11, 19, 1999
List the prime factors of 1352424.
2, 3, 37, 1523
What are the prime factors of 13769498?
2, 6884749
List the prime factors of 2191926.
2, 3, 11, 33211
List the prime factors of 110963.
37, 2999
What are the prime factors of 174570?
2, 3, 5, 11, 23
List the prime factors of 1963405.
5, 37, 10613
What are the prime factors of 300183?
3, 13, 43, 179
What are the prime factors of 2734315?
5, 546863
List the prime factors of 28072530.
2, 3, 5, 379, 823
List the prime factors of 1061864.
2, 23, 29, 199
List the prime factors of 31219140.
2, 3, 5, 17, 127, 241
List the prime factors of 3603395.
5, 29, 24851
List the prime factors of 1222387.
641, 1907
List the prime factors of 100342.
2, 11, 4561
What are the prime factors of 234658?
2, 117329
List the prime factors of 8336972.
2, 7, 19, 15671
What are the prime factors of 31212365?
5, 6242473
List the prime factors of 109922.
2, 17, 53, 61
List the prime factors of 13619446.
2, 101, 191, 353
List the prime factors of 6327890.
2, 5, 211, 2999
What are the prime factors of 660233?
7, 257, 367
What are the prime factors of 4081689?
3, 43, 53, 199
What are the prime factors of 3431063?
3431063
What are the prime factors of 19803192?
2, 3, 103, 8011
What are the prime factors of 1485752?
2, 229, 811
List the prime factors of 439797.
3, 31, 4729
What are the prime factors of 29050101?
3, 3227789
What are the prime factors of 610297?
31, 19687
What are the prime factors of 4473160?
2, 5, 111829
What are the prime factors of 1599323?
11, 347, 419
What are the prime factors of 274588?
2, 19, 3613
List the prime factors of 236060.
2, 5, 11, 29, 37
List the prime factors of 3208893.
3, 1069631
What are the prime factors of 246592?
2, 3853
What are the prime factors of 18466703?
1861, 9923
What are the prime factors of 295718?
2, 147859
List the prime factors of 2359268.
2, 19, 37, 839
List the prime factors of 1596502.
2, 798251
What are the prime factors of 171128?
2, 21391
What are the prime factors of 171415?
5, 34283
List the prime factors of 1236759.
3, 412253
List the prime factors of 3628728.
2, 3, 101, 499
List the prime factors of 3774237.
3, 1258079
List the prime factors of 4763853.
3, 103, 571
What are the prime factors of 147516?
2, 3, 19, 647
List the prime factors of 170412.
2, 3, 11, 1291
What are the prime factors of 179694?
2, 3, 67, 149
What are the prime factors of 1280948?
2, 320237
List the prime factors of 4819692.
2, 3, 19, 21139
What are the prime factors of 4336217?
181, 23957
What are the prime factors of 314092?
2, 17, 31, 149
List the prime factors of 25807000.
2, 5, 131, 197
What are the prime factors of 122341?
19, 47, 137
What are the prime factors of 6076917?
3, 7, 11, 37, 79
What are the prime factors of 1217915?
5, 243583
List the prime factors of 206880.
2, 3, 5, 431
List the prime factors of 464872.
2, 58109
List the prime factors of 9469755.
3, 5, 127, 1657
What are the prime factors of 2207935?
5, 441587
List the prime factors of 3509305.
5, 173, 4057
What are the prime factors of 513433?
367, 1399
List the prime factors of 148712.
2, 29, 641
List the prime factors of 224211.
3, 13, 5749
What are the prime factors of 6021?
3, 223
What are the prime factors of 45936?
2, 3, 11, 29
List the prime factors of 644381.
644381
What are the prime factors of 1269931?
13, 97687
List the prime factors of 232625.
5, 1861
What are the prime factors of 11734807?
7, 23, 3169
List the prime factors of 219665.
5, 43933
What are the prime factors of 2873674?
2, 19, 47, 1609
What are the prime factors of 11417369?
967, 11807
What are the prime factors of 18904737?
3, 73, 86323
What are the prime factors of 143801?
7, 20543
List the prime factors of 4741164.
2, 3, 17, 61, 127
What are the prime factors of 4023392?
2, 125731
List the prime factors of 45767.
45767
What are the prime factors of 3403135?
5, 107, 6361
List the prime factors of 8689195.
5, 223, 7793
List the prime factors of 760905.
3, 5, 37, 457
List the prime factors of 433221.
3, 144407
List the prime factors of 202044.
2, 3, 113, 149
List the prime factors of 2920286.
2, 1460143
What are the prime factors of 317833?
59, 5387
What are the prime factors of 2356890?
2, 3, 5, 251, 313
List the prime factors of 1137727.
67, 16981
List the prime factors of 18650647.
19, 53, 18521
What are the prime factors of 172351?
172351
What are the prime factors of 4117949?
11, 374359
What are the prime factors of 251407?
13, 83, 233
List the prime factors of 27296187.
3, 733, 12413
What are the prime factors of 303642?
2, 3, 5623
List the prime factors of 1198268.
2, 299567
List the prime factors of 572009.
97, 5897
List the prime factors of 210957.
3, 19, 3701
What are the prime factors of 263994?
2, 3, 23, 1913
List the prime factors of 69949.
11, 6359
What are the prime factors of 798063?
3, 7, 61, 89
What are the prime factors of 2449384?
2, 7, 191, 229
What are the prime factors of 6194655?
3, 5, 137659
What are the prime factors of 1461628?
2, 7, 52201
What are the prime factors of 6822235?
5, 7, 19, 10259
What are the prime factors of 27866484?
2, 3, 258023
List the prime factors of 962118.
2, 3, 5939
What are the prime factors of 13954497?
3, 4651499
List the prime factors of 22697666.
2, 19, 597307
List the prime factors of 3638984.
2, 197, 2309
What are the prime factors of 19049485?
5, 7, 13, 5981
List the prime factors of 7840728.
2, 3, 7, 47, 331
List the prime factors of 920591.
7, 347, 379
What are the prime factors of 411226?
2, 127, 1619
What are the prime factors of 21856294?
2, 10928147
List the prime factors of 134869.
7, 19267
What are the prime factors of 111741?
3, 7, 17, 313
List the prime factors of 3220632.
2, 3, 41, 1091
What are the prime factors of 231582?
2, 3, 13, 2969
List the prime factors of 861569.
431, 1999
What are the prime factors of 1411539?
3, 470513
List the prime factors of 18964134.
2, 3, 7, 59, 2551
List the prime factors of 661610.
2, 5, 66161
List the prime factors of 4823783.
43, 112181
What are the prime factors of 260563?
67, 3889
List the prime factors of 66789.
3, 41, 181
What are the prime factors of 2160285?
3, 5, 59, 2441
List the prime factors of 12000850.
2, 5, 240017
List the prime factors of 1235127.
3, 411709
List the prime factors of 183466.
2, 91733
What are the prime factors of 1486440?
2, 3, 5, 4129
List the prime factors of 3256501.
23, 141587
List the prime factors of 1153176.
2, 3, 48049
What are the prime factors of 1871430?
2, 3, 5, 11, 53, 107
List the prime factors of 541948.
2, 11, 109, 113
List the prime factors of 11326304.
2, 11, 23, 1399
What are the prime factors of 19747689?
3, 13, 506351
List the prime factors of 757450.
2, 5, 15149
List the prime factors of 186018.
2, 3, 7, 43, 103
What are the prime factors of 4529180?
2, 5, 433, 523
List the prime factors of 296955.
3, 5, 6599
List the prime factors of 9385144.
2, 953, 1231
List the prime factors of 10253281.
31, 113, 2927
List the prime factors of 1818077.
1818077
List the prime factors of 1646023.
1646023
List the prime factors of 652781.
67, 9743
List the prime factors of 437866.
2, 11, 13, 1531
List the prime factors of 444552.
2, 3, 18523
List the prime factors of 1673230.
2, 5, 13, 61, 211
List the prime factors of 1387038.
2, 3, 19, 23
What are the prime factors of 109389?
3, 7, 5209
What are the prime factors of 246521?
11, 73, 307
What are the prime factors of 218211?
3, 7, 10391
What are the prime factors of 22330952?
2, 7, 97, 4111
List the prime factors of 13256839.
13256839
List the prime factors of 285413.
17, 103, 163
List the prime factors of 2547179.
307, 8297
What are the prime factors of 676294